 5*h - 240 = q. What is the highest common factor of h and n?
48
Let c = -58409 - -58561. Let p be (-48)/(-10)*(-1 + 6). What is the greatest common divisor of p and c?
8
Suppose 2043*s - 162 = 2034*s. Calculate the highest common divisor of 657 and s.
9
Suppose 390 = -4*h + 6*h. Let d(r) = -194*r - 931. Let g be d(-5). What is the highest common factor of h and g?
39
Suppose 3*n + 27 = 4*j - 0*n, 2*n + 2 = 0. Let z(b) = 2*b**3 - 51*b**2 - 61*b + 2154. Let w be z(25). What is the greatest common divisor of j and w?
2
Suppose 18*f = 60 - 6. Let x be 26/39*(f + 15). Let t be -1 + 4 + (-204)/(-4). Calculate the greatest common divisor of x and t.
6
Suppose 0 = y - o - 3, -4*y + 2*y + 5*o = 0. Suppose 0 = 4*c + 4*b - 312, 165*c - 161*c + 2*b = 316. What is the highest common divisor of y and c?
5
Let z(x) = x**2 - 7*x - 50. Let q be z(12). Suppose -17*y + q = -7. Let c = -11 + 18. Calculate the greatest common divisor of y and c.
1
Let d be 246/(-24) + (-3)/4. Let v = 11 + d. Suppose -2*s + 3*s - 23 = -5*q, v = 4*s + q - 130. Calculate the greatest common factor of s and 3.
3
Let u(g) = 164*g + 1143. Let y be u(-6). What is the highest common divisor of 371 and y?
53
Let c = 34 + 350. Suppose -4184 - 4528 = -13*q - 108*q. What is the highest common factor of c and q?
24
Suppose 41*r - 10770 - 2432 = 0. Calculate the highest common divisor of 518 and r.
14
Let a(n) = 11*n + 496. Let w be a(-41). What is the highest common divisor of 1005 and w?
15
Suppose 5*a + 75 = 5*z, a = -28*z + 26*z + 33. Calculate the highest common divisor of 9712 and z.
16
Suppose -c + 0*c + 18 = -4*r, 2*c - r = 43. Suppose 0 = -6*p + 7*p. Suppose p = 3*v - 39 + 33. Calculate the highest common factor of c and v.
2
Suppose -2*w - t + 3*t = -6, 33 = 3*w + 3*t. Let a be (76 + w)*(14 - 3). What is the greatest common divisor of 11 and a?
11
Let z be (-25)/150 + 182/12. Let o(s) = s**3 - 8*s**2 - 8*s + 9. Let y be o(11). Let n = 419 - y. What is the greatest common divisor of z and n?
15
Let z(r) = r**3 + r**2 - 8*r - 9. Let q be z(-2). Let c be (-5)/5 - ((q - 5) + -223). Calculate the highest common divisor of c and 14.
14
Suppose -h - 1 - 5 = 0. Let u(w) = 7*w + 52. Let n be u(h). What is the greatest common factor of n and 70?
10
Let t = -6 - -11. Let p be 21*(-192)/(-168) - -341. Calculate the highest common divisor of t and p.
5
Let h be 17/((-119)/644)*-1. Calculate the greatest common factor of 6164 and h.
92
Suppose 7*s - 56 + 42 = 0. Let u be ((-32)/(-10))/(3/((-450)/(-12))). Calculate the greatest common divisor of s and u.
2
Let o(t) = 16*t - 33. Let i be o(-18). Let p = i + 325. What is the highest common divisor of 128 and p?
4
Let k(v) = 225*v + 27. Let m be k(-1). Let n be (-4)/(-16) - m/8. Calculate the highest common factor of 20 and n.
5
Suppose -6*i - 8 + 26 = 0. Suppose -r - i = 8*p - 3*p, -2*p = 8. Suppose 0 = 8*a - 57 + r. What is the highest common divisor of a and 1?
1
Let a(y) = 37*y. Let g be a(1). Let o = 234 - -17. Suppose 16*f - 773 = -3*s + 17*f, o = s - 2*f. What is the greatest common factor of g and s?
37
Let r(b) = b**3 - 47*b**2 + 153*b + 444. Let i be r(44). What is the highest common divisor of 266 and i?
38
Let z(u) = -95*u**2 + u. Let f be z(1). Let h be 4 - (f + -1 + -4). Let b = -12 + h. Calculate the greatest common divisor of 13 and b.
13
Let y(g) = -2*g**2 - 106*g - 1074. Let j be y(-39). Suppose 6*b = 5*b + 108. What is the greatest common factor of j and b?
18
Let u(t) = -68*t - 1136. Let q be u(-18). Let v(p) = -p**2 - 22*p - 6. Let f be v(-18). What is the highest common divisor of q and f?
22
Suppose -10878 + 9398 = -2*r. What is the highest common factor of r and 380?
20
Let s = -3856 + 4283. What is the highest common factor of 91 and s?
7
Let l = 6682 + 582. What is the highest common divisor of l and 32?
32
Let t be 7*(720/(-21))/(-4). Suppose -5*i + w = -3*w - t, -2*i - 5*w = 9. Suppose -2*c - 186 = -i*c. What is the highest common factor of 155 and c?
31
Let z be ((-240)/75)/(-8) + (-1)/(15/(-249)). Let q(l) = 7*l**2 + 3*l - 7. Let j be q(-5). Calculate the greatest common divisor of z and j.
17
Suppose -4*i - 5*v + 656 = -328, 3*i - 4*v = 707. Let l = -224 + i. What is the greatest common factor of 136 and l?
17
Let r be 14436 + (-6 - (-4 - (9 - 16))). What is the greatest common factor of r and 63?
63
Let r = -329 - -120. Let f be (-38)/r - 570/(-11). What is the greatest common factor of f and 65?
13
Let k(c) = -c**3 - 8*c**2 - 4*c - 6. Let a be k(-14). Suppose -3*p + 3*v + 1833 = 0, -2*p + 5*v - 7*v + a = 0. Calculate the highest common factor of p and 68.
68
Let c = -21 + 19. Let m be 0*c/(-3 + -1). Suppose 52 = -m*r + 4*r. Calculate the highest common factor of r and 1.
1
Let b(k) = 12 + 0*k - 33 + k**2 + 2*k. Let j be b(-5). Let h be j/(-10) - 7140/(-100). Calculate the highest common factor of h and 9.
9
Let i(b) = 1635*b + 3340. Let s be i(-2). Calculate the greatest common divisor of s and 590.
10
Suppose 231 = 22*n - 15*n. Let d be (n/(-6) - 2)*-22. Suppose 0*z - 75 = -5*z. What is the greatest common divisor of z and d?
15
Suppose 106*w - 784 = 78*w. What is the highest common factor of w and 8?
4
Let r be 1/3*(52 + -27 + 2327). Calculate the highest common factor of r and 48.
16
Let o be (-7 - 21/6) + 12 - 126/(-4). What is the greatest common factor of o and 14003?
11
Suppose k - 4*p = 39, -2*k - 96 = -4*k + 2*p. Let y be 3*(k/(-34))/((-1)/2). What is the greatest common divisor of y and 126?
9
Let u = -120 - -118. Let p = -25 - -51. Let c = p + u. What is the greatest common factor of 24 and c?
24
Let q(h) = 8*h**2 - 7*h + 52. Let f be q(-8). Suppose -s = -636 + f. Suppose 6 - 26 = -5*m, -3*p + 4*m + 8 = 0. What is the greatest common divisor of s and p?
8
Suppose 4*g = -2*y + 3*y - 2328, -2*g + 4*y - 1150 = 0. Let t = -521 - g. Calculate the greatest common factor of 434 and t.
62
Let v = 3171 - 3141. Calculate the highest common divisor of 486 and v.
6
Suppose -4*m - 2*c = -0 - 18, 3*c - 9 = -3*m. Let n be (0/(-3))/(9/(-3)). Suppose f - 12 = -n*f. Calculate the greatest common divisor of m and f.
6
Let i = 9 - -17. Let u be (1/(-2)*0)/(3/(-3)). Suppose -4*s + i + 34 = u. What is the greatest common factor of 75 and s?
15
Let x be 468 + 1 + (-44 - (19 + -74)). Calculate the highest common factor of 5472 and x.
96
Let c(m) = 3*m**2 - 54*m + 2958. Let x be c(94). Calculate the highest common divisor of 54 and x.
18
Suppose 2*o - o = -0*o. Suppose 12*w = 960 - o. Calculate the highest common factor of 120 and w.
40
Suppose 23*n + 197 = 24*n + 16*g, 0 = -5*n + 3*g + 321. What is the highest common factor of n and 13133?
23
Let v = 22 - 22. Let p(w) = -w**2 - w - 3. Let n be p(v). Let a = 13 + n. What is the greatest common divisor of 20 and a?
10
Let p(b) = 6*b**3 + 2*b**2 + 6*b + 30. Let x be p(3). Calculate the highest common factor of 444 and x.
12
Let x(k) be the third derivative of k**4/4 - 5*k**3/2 + 32*k**2. Let v be x(15). Suppose 4 = -5*q + 154. Calculate the greatest common factor of v and q.
15
Let k be -1 - (-5 + (-1)/1). Let t = k + 40. Suppose -6*n + 3*n + 45*n - 378 = 0. What is the highest common factor of n and t?
9
Suppose 5*g = 34*i - 33*i + 1321, 0 = -26*g - 5*i + 6910. What is the greatest common factor of g and 1113?
53
Let p(s) = 88*s - 1315. Let d be p(15). Let o be (-298)/(-12) + 1/6. What is the highest common factor of o and d?
5
Let m(d) = 2*d**2 - 35*d - 17. Let u be m(18). Suppose -2*t = 9 + u, -5*y + 70 = t. Calculate the highest common factor of 15 and y.
15
Suppose -2*k - m = -14558 - 11631, 2*k = -4*m + 26210. What is the greatest common factor of 247 and k?
247
Let u(q) = 3*q - 1. Let h be u(7). Let n(c) = -c**2 - 10*c - 2. Let l be n(-14). Let y be l/(-14) + (-102)/(-119). What is the highest common factor of h and y?
5
Let d = 48 + -28. Suppose d = 5*c, 4*n - 2*c + 5*c - 408 = 0. What is the highest common factor of n and 66?
33
Let f(v) = 3*v**2 + 18*v + 7. Let o be f(-8). Suppose -3*l = -0*u + u - 42, 0 = l - 4*u - 27. What is the highest common factor of l and o?
5
Suppose -2421839 - 2550657 = -400*c - 178896. Calculate the highest common factor of 112 and c.
112
Let q be (8/(-12))/(-1 + (-3)/(-9)). Let y be (-45)/30*q*-2. Suppose -2*v + y*o = v - 69, 57 = 3*v + o. Ca